 = -7 + 34. Let h be (-2502)/63 - (-4)/(-14). Let w = 54 + h. Calculate the remainder when y is divided by w.
13
Let x(p) = 116*p - 560. Let g be (-20)/(-110) - (-53)/11. Calculate the remainder when g/(-35) + 2228/14 is divided by x(5).
19
Let b = -3 + 6. Suppose 0 = u - 4*o + 5, -3*u + b = -5*o - 3. Calculate the remainder when -13 - -4 - (13 - (54 + -10)) is divided by u.
1
Let x(a) = 12*a + 22. Let l = 50 + -41. Suppose 5*w - 16 = l. Calculate the remainder when x(w) is divided by 21.
19
Suppose 81 = 8*a - 351. Suppose 15*l - a = 9*l. Suppose -n - 2*m + l = -7, m = 0. What is the remainder when 109 is divided by n?
13
Suppose 0 = -f - 2*k + 481, -10*f + 15*f = -2*k + 2413. What is the remainder when 5325 is divided by f?
12
Let k(i) = 6*i**2 - 65*i + 188. Calculate the remainder when 393 is divided by k(7).
15
Suppose -6*m + 2*m = 4*d - 32, 4 = 2*m - d. What is the remainder when 161 is divided by (-285)/(-10) - 2/m - 2?
5
Suppose 8*d + 143 - 407 = 0. Calculate the remainder when 509 is divided by d.
14
Suppose 5*o + u - 110 = 3*u, -35 = -2*o - u. Calculate the remainder when 1837 is divided by o.
17
Let r = -7 + 61. Let f(q) = q - 2. Let d(y) = -4*y - 10. Let s(m) = d(m) + 2*f(m). Calculate the remainder when r is divided by s(-14).
12
Suppose -3*j - 3*m = -219 - 441, 0 = 2*m. Suppose 3*l - 128 = j. Calculate the remainder when l is divided by 26.
12
Let i(u) = -2*u - 8. Suppose 30*h - 774 + 145 = 61. Calculate the remainder when h is divided by i(-6).
3
Suppose -243*c + 232*c + 814 = 0. Calculate the remainder when 285 is divided by c.
63
Let g(h) = 20*h**2 - h - 7. What is the remainder when g(3) is divided by 8/(-42)*-456 - 12/14?
84
Calculate the remainder when 229 is divided by 148/(-10)*6/((-18)/15).
7
Let f = -367 - -367. Suppose -5 = -5*w, f*k - 3*k - 3*w = -195. What is the remainder when 702 is divided by k?
62
Let u be 23505/120 - (-1)/8. Let k = u + 577. What is the remainder when k is divided by 25?
23
Let h = -54 + 96. Let w = -32 + h. What is the remainder when 1 - (-553)/15 - w/(-75) is divided by 10?
8
Suppose -73*m = -72*m + 10. What is the remainder when 11 is divided by 80/120 - (m/3 - -1)?
2
Let i be (-84*(-6)/(-60))/((-2)/5). What is the remainder when 49 is divided by ((-18)/i)/((-9)/252)?
1
Suppose 4*f + 352 = 4*o, 0 = o + 4*f + 93 - 156. Calculate the remainder when 433 is divided by o.
18
Let b(r) = 381*r - 4557. Suppose 0 = -m - 3*m - p + 585, -3*p - 289 = -2*m. What is the remainder when m is divided by b(12)?
11
Let k = 24964 + -24055. Calculate the remainder when k is divided by 17.
8
Let o be -21 - 20*8/(-32). Let a = 32 - 6. Let b = a + o. Calculate the remainder when 57 is divided by b.
7
Let m = 1866 + -1799. What is the remainder when 4488 is divided by m?
66
Suppose 4*h - 3*p = 6752, 5*p = 313*h - 314*h + 1688. What is the remainder when h is divided by 38?
16
Let i(z) be the first derivative of 2*z**3 + 5*z**2/2 - 2*z + 3. Let m = -1725 + 1726. Calculate the remainder when 16 is divided by i(m).
7
Let q(m) = -5*m**2 - m**2 - 30 + 0*m**2 - 16*m + 5*m**2. Let o(z) = -7*z - 136. Let l be o(-18). Calculate the remainder when 116 is divided by q(l).
26
Suppose -4*k + 230 = 2*g, g - 8*k - 117 = -9*k. Calculate the remainder when g is divided by 18.
11
Let m(o) = -o**3 - o**2 + 9*o + 21. Let a be m(-2). Suppose -516 = -a*q - 187. Calculate the remainder when q is divided by (2/5)/(2/70).
5
Let z = 4167 + -3411. Calculate the remainder when 1523 is divided by z.
11
Suppose -8*v - 361 + 73 = 0. Let t(o) = 5*o + 3. Calculate the remainder when (-1534)/(-30) + v/270 is divided by t(3).
15
Let r(q) = -3*q**3 + 77*q**2 - 7*q + 867. Calculate the remainder when 1750 is divided by r(26).
4
Suppose -4*j + 2985 = 5*r, 42*j - 39*j - 2238 = -3*r. Calculate the remainder when j is divided by 10.
5
Let w be (4/16)/(3/(-2 - -38)). Suppose -3*p = w*v - 42, -26 = -5*p - 2*v + 32. What is the remainder when 255 is divided by p?
5
Let t(y) = 21*y**2 - 1. Let h(j) = j + 4. Let x be h(-3). Let d = 63 - 29. What is the remainder when d is divided by t(x)?
14
Let c(k) = k**2 - 18*k - 1064. Let l = 4 + -1. Let g = l + 0. What is the remainder when c(43) is divided by g?
2
Suppose 4*r = 363 + 493. Let o = r + -139. What is the remainder when o is divided by 32?
11
Suppose -3*o = -56 - 25. Let k = 714 - 258. What is the remainder when k is divided by o?
24
Suppose -5*l - 13*i + 15*i + 23 = 0, -2*i = l + 5. Suppose 100 = l*f + d, -40 = -f + d - 0. Calculate the remainder when 101 is divided by f.
31
Suppose -2*j = -7*j + 290. Suppose 4*n + 0*s - j = -s, -4*s = 3*n - 37. Let g(d) = d + 15. What is the remainder when g(9) is divided by n?
9
Let h = 9327 - 9323. Calculate the remainder when 298 is divided by h.
2
Suppose 0 = -s - 3*j + 43, -234*s + 232*s + 4*j + 26 = 0. What is the remainder when 497 is divided by s?
22
Suppose 0 = 14*l - 17*l - 3*w + 267, 5*l - 457 = -w. What is the remainder when l is divided by 2?
0
Let n be (594/(-110))/((-3)/10). Suppose 4*g - 429 = -3*c, -2*c + 5*g - n = -327. Calculate the remainder when c is divided by 15.
12
Calculate the remainder when -82 + 85 + (-71)/((-1)/(11 + 0)) is divided by 131.
129
Suppose 55 = 5*v + 5*u, 29 = 3*v + 2*u + 3*u. Suppose 3*p = -5*c + 213, 124*p - 123*p + 3*c - 59 = 0. What is the remainder when p is divided by v?
8
Let a = 9380 + -9056. Calculate the remainder when a is divided by 82.
78
Suppose 3*f = 6*u - 11 + 236, -2*f - 3*u + 143 = 0. Calculate the remainder when 381 is divided by f.
16
Suppose 227*i - 4114 = 922*i - 63884. Calculate the remainder when 6273 is divided by i.
81
Let i = 7005 + -6526. Calculate the remainder when i is divided by 79.
5
Suppose -3*f + 4*k - 31 + 147 = 0, -5*k - 46 = -f. Suppose 0 = 5*u - 400 + 45. What is the remainder when u is divided by f?
35
Suppose -12*s - 23 + 155 = 0. Calculate the remainder when 61 is divided by s.
6
Let d = 544 - 539. Let q = 40 + -24. Let m = 17 - q. What is the remainder when d is divided by m?
0
Let y = 193 + -193. Suppose -4*c + 2*c + 36 = y. Let z = -130 - -183. What is the remainder when z is divided by c?
17
Calculate the remainder when 91 + 13 + -10 + -8 is divided by 29.
28
Let u(a) = -38*a**2 - 207*a - a**3 + 609*a - 234*a + 25. Calculate the remainder when u(-42) is divided by 6.
1
Suppose -x + 1 = -4. Suppose 2*s - 3*l = -353 + 10, -s - x*l = 139. What is the remainder when 6/(-9) + s/(-12) is divided by 1?
0
Suppose -50 = 3*v - 26, 0 = 2*s + v - 3230. What is the remainder when s is divided by 126?
107
Suppose -737*c + 1480*c - 2920 = 739*c. Calculate the remainder when c is divided by 232.
34
Let u = -14355 - -14361. Calculate the remainder when 1369 is divided by u.
1
Let t = -54 - -117. Let s = -69 + t. What is the remainder when 42 is divided by 12/(2 - (-9)/s)?
18
Let b = 51 - 46. Suppose b*y = 4*j - 274, 2*j + 0*j - 2 = 0. Calculate the remainder when 66 is divided by ((-2)/2)/(3/y) - 0.
12
Let p(m) = -380*m - 774. What is the remainder when p(-3) is divided by 24?
6
Let j(s) = 194*s**2 + 3*s - 3. What is the remainder when j(1) is divided by 60?
14
Suppose -26 = -51*d + 38*d. Suppose 742 = -9*f + 14*f - d*o, f - 4*o - 152 = 0. What is the remainder when f is divided by 10?
8
Suppose -16*u + 3244 - 1644 = 0. What is the remainder when 1294 is divided by u?
94
Let t be (-12)/(-30)*-10*(-4)/16. What is the remainder when -2 - 35*(t + -2) is divided by 16?
1
Suppose -5*y = 5*f - 19820, -914*y = -909*y - 3*f - 19756. What is the remainder when y is divided by 88?
84
Suppose 79*g - 165*g + 1131 = 291*g. What is the remainder when 145 is divided by g?
1
Suppose -97038 - 45670 = -298*t - 19336. What is the remainder when t is divided by 22?
18
Let p = -29 - -117. Suppose 10*w - p = 22. Calculate the remainder when w is divided by 3.
2
Let c be 48/18 - (-1)/3. Let z = 135 - 75. What is the remainder when z is divided by (-6 + (-21)/(-3))/(c/93)?
29
Let b be (-44)/(-10) - (-2)/(-5). Suppose -37 = -b*i - 21. Suppose 5*h - 107 = 4*x - 30, -5*h = i*x - 93. Calculate the remainder when h is divided by 6.
5
Let z = -5606 - -5768. Calculate the remainder when 313 is divided by z.
151
Suppose -12*n - 282 = -1842. Suppose 3*l - 2 = 1, 2*l + n = j. What is the remainder when j is divided by 45?
42
Let x be 0 